3 - i) is divided by 9.
7
Let j be 3*(-10)/42*-7. Suppose -3 = c - j. Suppose -2*g - 3*g - 17 = -2*u, -46 = -4*u - c*g. Calculate the remainder when 18 is divided by u.
7
Suppose -16*f = -33*f + 4811. What is the remainder when f is divided by 74?
61
Let g(i) = i**3 + 5*i**2 + 1. Let t be g(-5). Suppose t = 5*p - 14. Calculate the remainder when 1 + 1 - 1/(-1) is divided by p.
0
Suppose -2413 = 20*k - k. Let v = -116 - k. Calculate the remainder when 38 is divided by v.
5
Suppose 54 = -v + 4*v. Let d(l) be the third derivative of l**6/120 + l**5/6 + l**4/4 - 5*l**3/3 + 11*l**2. Calculate the remainder when d(-8) is divided by v.
16
Calculate the remainder when (4/(-10))/(20/(-4800)) is divided by 23.
4
Suppose -4*l + 128 = 4*k, 5*k + 2*l = 6*l + 142. Let i(m) = -40*m - 14. Let c be i(-2). Let b = c + 52. Calculate the remainder when b is divided by k.
28
Suppose 2*v = -3*k + 123, -11*k = 4*v - 6*k - 249. Calculate the remainder when v is divided by 53.
13
Let n(k) = -k**3 - 8*k**2 + 5*k + 15. Let y be n(-9). Let d = -25 + y. What is the remainder when 128 is divided by d?
24
Let v be 9/(-36) - (-11)/(-4). Let t be (v + 9)*(-1)/(-2). Suppose -t*y + 3 = -9. Calculate the remainder when y is divided by 3.
1
Suppose 0 = -196*n + 199*n - 126. Let q(d) = d**3 - 2*d**2 + 6*d - 4. Calculate the remainder when n is divided by q(3).
19
Let r(t) = 16*t - 125. What is the remainder when 260 is divided by r(12)?
59
Suppose 4*s = 44*s - 3400. Calculate the remainder when 431 is divided by s.
6
Let w be -2*(-4)/((-8)/2) - -17. Suppose w*t - 33 = 4*t. What is the remainder when 23 is divided by t?
2
Suppose -2*g = -0*r + 4*r + 38, 0 = -r - 3*g - 2. Let j = 37 + r. What is the remainder when 102 is divided by j?
24
Suppose -17*s = -338 + 83. What is the remainder when 523 is divided by s?
13
Let r(s) = 195*s**2 + s. Let k be r(1). Calculate the remainder when 3/9 + k/6 is divided by (-18)/((-18)/(-12) - 7/2).
6
Let c(i) = i**3 - 5*i**2 + 9*i - 8. Let u be c(6). Let r = -52 + u. Suppose 38 = 3*k - p, 0 = 2*k + 4*p - 0 - r. What is the remainder when 36 is divided by k?
10
Let l = 253 + 79. Calculate the remainder when l is divided by 16.
12
Suppose -38 = -11*b + 9*b. What is the remainder when b is divided by ((15/(-2))/(-5))/((-1)/(-8))?
7
Suppose -j + 3*j - 3*u - 234 = 0, j = -2*u + 124. What is the remainder when (4/8)/(2/j) is divided by 11?
8
What is the remainder when ((-132)/55)/((-2)/60) is divided by 15?
12
Let m(w) = w**3 - 13*w**2 - 37*w + 592. Calculate the remainder when 0 - (-17 + -2 + 1) is divided by m(12).
2
Let f = -34 + 4. Let p be f*12/(-27)*3. Suppose -16 + p = 3*u. Calculate the remainder when u is divided by 5.
3
Let k(d) = -d**3 - 37*d**2 + 11. What is the remainder when k(-37) is divided by 5?
1
Let w(i) = -2*i - 2. Let j be w(2). Calculate the remainder when 8 is divided by (-20)/j*(4 + 14/(-5)).
0
Let s be 120/70*7/2. Let m be (-9)/s*4/(-6). What is the remainder when m/(2 - (-85)/(-43)) is divided by 23?
20
Suppose 0 = 3*j - 56 - 7. Suppose -3*x + 83 = 5*l, l = 3*x - 66 - 29. Suppose 7*i - x = 53. What is the remainder when j is divided by i?
9
Let n(t) = 4*t**3 - 3*t**2 + 3*t - 2. Calculate the remainder when 56180/795 - (1 - 2/6) is divided by n(2).
22
Let s = 796 - 724. What is the remainder when 140 is divided by s?
68
Suppose 0*f + 241 = 4*j + 3*f, -j - 2*f + 54 = 0. Let x = -136 + 149. What is the remainder when j is divided by x?
12
Let k(l) = 6*l**2 + 42*l - 191. Calculate the remainder when k(4) is divided by 5.
3
Suppose 299 = 2*u - 5*i, 5*u - 795 = -0*u + 3*i. Calculate the remainder when u is divided by 34.
26
Let a(n) = n + 3. Let q be a(3). Suppose -2*v + 6 = 0, 0 = -3*g - q*v + 5*v + 72. What is the remainder when g is divided by 12?
11
Let y = -107 + 27. Let t = -50 - y. Suppose -166 + t = -4*v. Calculate the remainder when 134 is divided by v.
32
Suppose 191 = -4*j + 2*g + 3*g, 5*j - 4*g + 232 = 0. Let u = j + 28. Let r = u - -20. Calculate the remainder when 14 is divided by r.
2
Let o(j) be the third derivative of 7*j**6/40 - j**4/24 + j**3/6 - 14*j**2. What is the remainder when 83 is divided by o(1)?
20
Let c be (6 + -6)/(2/2 - -2). Suppose 2*i + 4*z - 22 = c, -4*i - i + 83 = 3*z. Calculate the remainder when 36 is divided by i.
17
Suppose 2*j - 4*j + 122 = 0. Let w = -86 + 118. What is the remainder when j is divided by w?
29
What is the remainder when 19 is divided by 1/(6*(-8)/(-480))?
9
Let b = 27 - -37. Let q(g) = 8*g. Let a be q(12). Let y = a - 63. What is the remainder when b is divided by y?
31
Let g be 3*(-2)/6*-7. Suppose -4*r + m = -134, -2*m + 3 - g = 0. Let n = r + -22. Calculate the remainder when n is divided by 3.
2
Suppose -3*u + 8*u = 5*y - 55, -4*u = 2*y + 26. Let p = u + 14. What is the remainder when (-3)/15 - 333/(-15) is divided by p?
4
Let w(i) = -i**3 + 2*i**2 + i. Calculate the remainder when ((-10)/(-25) - 36/(-10)) + -1 is divided by w(-1).
1
Let m be 58 + 4 - (-3 - -1). Suppose m = -z - 4*f + f, 4*z - 4*f + 336 = 0. Let l = 2 - z. What is the remainder when l is divided by 21?
18
Suppose -2*a - 5*d = -6*a - 62, 4 = 2*d. Let h = a + 18. Let l(p) = -p**3 + 5*p**2 + 4. What is the remainder when 7 is divided by l(h)?
3
Suppose 56 = 2*f + 62. What is the remainder when 103 is divided by f*(-6)/81 - (-805)/63?
12
Suppose -3*i = 6*i. Suppose i = 5*n - 18 - 2. Suppose 9*a - 85 = n*a. Calculate the remainder when 31 is divided by a.
14
Let o = -258 - -148. Let m be (-6)/((-12)/o)*1. What is the remainder when (5 + -4 - m) + -3 is divided by 15?
8
Let i(u) = 12*u + 59. Let t(n) = 25*n + 117. Let m(k) = -5*i(k) + 2*t(k). Calculate the remainder when 61 is divided by m(-8).
4
Suppose -2*t - 3*r = 46, -3*t + 2*r = 7*r + 70. Let n = -5 - t. What is the remainder when 57 is divided by n?
12
Let h = 1619 + -1390. What is the remainder when h is divided by 116?
113
Suppose 117 = 5*i - 413. What is the remainder when i is divided by (-33 - -18 - (-2 + -4))*-3?
25
Suppose 14 = 3*s - 2*s - 4*m, -5*m = s - 5. Suppose 3*l - 117 = -0*l. What is the remainder when l is divided by s?
9
Suppose o = 4*s - 36, -5*s - 12*o + 34 = -16*o. What is the remainder when (-2)/(-2) - (-38 - -1) is divided by s?
8
Suppose -19*x + 9 = -10*x. Let m(f) = 35*f + 7. Calculate the remainder when m(x) is divided by 11.
9
Let g(j) = -j**3 + 5*j**2 + 5*j + 7. Let q be g(6). Let v(m) = 21*m**2 + 4*m - 2. Calculate the remainder when v(q) is divided by 5.
3
Suppose 13*m - 4*m + 144 = 0. Let j = m - -47. Calculate the remainder when j is divided by 8.
7
Suppose -133*k - 1374 = -136*k. What is the remainder when k is divided by 92?
90
Let o = 2 - -1. Suppose -o*r = -92 + 35. Suppose -b - 185 = -6*b. What is the remainder when b is divided by r?
18
Let s(f) = -f**3 - 4*f**2 - 9. What is the remainder when 126 is divided by s(-5)?
14
Suppose -5*m - 5*c = 685, -6 + 7 = -c. Let j = m + 160. Calculate the remainder when 116 is divided by j.
20
Let u = 47 + -57. Let t(x) = x**2 + 7*x - 10. Suppose -s = 3*p - 140 - 41, -5*p + 291 = -s. Calculate the remainder when p is divided by t(u).
19
Suppose k = -0*f - 2*f + 31, 4*f + 3*k = 63. Let i(j) = 4*j**3 - 2*j**3 + 7 - 2*j**2 - f + 9. Calculate the remainder when i(2) is divided by 2.
1
Let h(n) = 12*n + 89. Calculate the remainder when h(-4) is divided by 25.
16
Let j = 45 + -12. Let s(r) = -10*r - 39. Calculate the remainder when s(-17) is divided by j.
32
Calculate the remainder when (31/(-5))/(5/(-25) + 0) is divided by 9.
4
What is the remainder when 170 is divided by 66 + 160/(-120)*18/4?
50
Suppose 3*d + 12 = -z + 74, 5*z = -d + 58. Suppose -n + 22 = 4. Calculate the remainder when n is divided by d.
0
Suppose 14*n + 50 = 16*n. Let w = -2 + n. Calculate the remainder when 114 is divided by w.
22
Suppose 8*u - 7*u - 71 = 5*c, -5*u + 381 = c. Calculate the remainder when u is divided by 57.
19
Suppose 2*i - 3776 = -2*g, -5*i + 9438 = 13*g - 10*g. Calculate the remainder when i is divided by 126.
123
Suppose 3*w - 3 = 3*x - 93, 4*w = 0. What is the remainder when x is divided by 20?
10
Suppose m - 3*m - 4 = 4*h, 3*h + 4 = -2*m. What is the remainder when (3 + m)/((-4)/(-92)) is divided by (-2)/(((-10)/12)/5)?
11
Suppose -2*r = -4*r + 4. Suppose -3*h + 4*h = -r. Calculate the remainder 